101
Calculate the remainder when 241615 is divided by 48314.
45
What is the remainder when 12939 is divided by 37?
26
What is the remainder when 113206 is divided by 334?
314
Calculate the remainder when 17567 is divided by 265.
77
What is the remainder when 150746 is divided by 63?
50
Calculate the remainder when 41390 is divided by 469.
118
Calculate the remainder when 327280 is divided by 459.
13
What is the remainder when 12807 is divided by 1065?
27
Calculate the remainder when 335 is divided by 66.
5
What is the remainder when 108700 is divided by 366?
364
What is the remainder when 1624 is divided by 13?
12
What is the remainder when 23751 is divided by 5928?
39
What is the remainder when 14030 is divided by 1133?
434
What is the remainder when 8405 is divided by 6?
5
Calculate the remainder when 3399 is divided by 940.
579
What is the remainder when 1530 is divided by 701?
128
What is the remainder when 4034 is divided by 65?
4
Calculate the remainder when 55942 is divided by 296.
294
What is the remainder when 27537 is divided by 101?
65
Calculate the remainder when 235619 is divided by 36.
35
What is the remainder when 369 is divided by 334?
35
What is the remainder when 18670 is divided by 3717?
85
Calculate the remainder when 2975 is divided by 201.
161
What is the remainder when 9079 is divided by 259?
14
Calculate the remainder when 36962 is divided by 420.
2
Calculate the remainder when 32339 is divided by 588.
587
What is the remainder when 9454 is divided by 391?
70
Calculate the remainder when 25717 is divided by 252.
13
What is the remainder when 23630 is divided by 885?
620
Calculate the remainder when 3478 is divided by 408.
214
What is the remainder when 1418610 is divided by 28?
18
What is the remainder when 158494 is divided by 585?
544
Calculate the remainder when 22769 is divided by 46.
45
Calculate the remainder when 34039 is divided by 64.
55
What is the remainder when 26409 is divided by 8733?
210
What is the remainder when 248625 is divided by 1454?
1445
What is the remainder when 28019 is divided by 341?
57
What is the remainder when 46309 is divided by 610?
559
What is the remainder when 1945 is divided by 246?
223
Calculate the remainder when 5166 is divided by 45.
36
What is the remainder when 5702 is divided by 39?
8
Calculate the remainder when 4466 is divided by 1488.
2
Calculate the remainder when 170338 is divided by 51.
49
Calculate the remainder when 31987 is divided by 2651.
175
What is the remainder when 499508 is divided by 39?
35
Calculate the remainder when 5397 is divided by 337.
5
What is the remainder when 958 is divided by 6?
4
Calculate the remainder when 1428 is divided by 304.
212
Calculate the remainder when 1430097 is divided by 75.
72
What is the remainder when 23539 is divided by 96?
19
What is the remainder when 59715 is divided by 133?
131
What is the remainder when 5919 is divided by 709?
247
What is the remainder when 944 is divided by 309?
17
What is the remainder when 1057 is divided by 119?
105
Calculate the remainder when 35603 is divided by 243.
125
What is the remainder when 4656 is divided by 28?
8
Calculate the remainder when 7213 is divided by 43.
32
Calculate the remainder when 12173 is divided by 3843.
644
Calculate the remainder when 1012 is divided by 491.
30
Calculate the remainder when 2270 is divided by 43.
34
Calculate the remainder when 638 is divided by 592.
46
What is the remainder when 95918 is divided by 193?
190
What is the remainder when 13037 is divided by 592?
13
Calculate the remainder when 31317 is divided by 31300.
17
What is the remainder when 54402 is divided by 3400?
2
Calculate the remainder when 1027 is divided by 708.
319
What is the remainder when 344985 is divided by 444?
441
What is the remainder when 15501 is divided by 7723?
55
Calculate the remainder when 10180 is divided by 313.
164
Calculate the remainder when 73989 is divided by 24.
21
Calculate the remainder when 228982 is divided by 56.
54
Calculate the remainder when 6239 is divided by 2724.
791
What is the remainder when 36335 is divided by 46?
41
Calculate the remainder when 357604 is divided by 221.
26
Calculate the remainder when 9342 is divided by 61.
9
What is the remainder when 106125 is divided by 804?
801
What is the remainder when 6261 is divided by 922?
729
What is the remainder when 219583 is divided by 219574?
9
Calculate the remainder when 209488 is divided by 64.
16
What is the remainder when 723 is divided by 282?
159
What is the remainder when 14300 is divided by 1?
0
What is the remainder when 2039 is divided by 318?
131
Calculate the remainder when 827 is divided by 51.
11
Calculate the remainder when 1455 is divided by 233.
57
What is the remainder when 3056 is divided by 265?
141
What is the remainder when 162115 is divided by 727?
721
What is the remainder when 21387 is divided by 2372?
39
What is the remainder when 78956 is divided by 312?
20
Calculate the remainder when 742832 is divided by 67.
3
What is the remainder when 3546 is divided by 9?
0
What is the remainder when 40985 is divided by 40980?
5
What is the remainder when 6006 is divided by 860?
846
What is the remainder when 28286 is divided by 26?
24
What is the remainder when 828875 is divided by 12?
11
Calculate the remainder when 21052 is divided by 10514.
24
What is the remainder when 17587 is divided by 202?
13
What is the remainder when 148764 is divided by 183?
168
What is the remainder when 11124 is divided by 11122?
2
What is the remainder when 4119 is divided by 1344?
87
What is the remainder when 161127 is divided by 4?
3
Calculate the remainder when 14791 is divided by 331.
227
What is the remainder when 365828 is divided by 156?
8
What is the remainder when 374433 is divided by 220?
213
What is the remainder when 1370743 is divided by 413?
409
Calculate the remainder when 2943 is divided by 7.
3
What is the remainder when 296110 is divided by 177?
166
Calculate the remainder when 80420 is divided by 249.
242
What is the remainder when 1072211 is divided by 864?
851
Calculate the remainder when 36561 is divided by 7310.
11
Calculate the remainder when 1500 is divided by 200.
100
Calculate the remainder when 255794 is divided by 209.
187
What is the remainder when 17989 is divided by 1798?
9
Calculate the remainder when 296036 is divided by 49330.
56
What is the remainder when 278 is divided by 208?
70
What is the remainder when 3207 is divided by 668?
535
Calculate the remainder when 567 is divided by 319.
248
What is the remainder when 9486 is divided by 161?
148
Calculate the remainder when 21178 is divided by 1925.
3
What is the remainder when 1648093 is divided by 7?
6
Calculate the remainder when 10346 is divided by 738.
14
Calculate the remainder when 21162 is divided by 243.
21
What is the remainder when 4100 is divided by 12?
8
What is the remainder when 32905 is divided by 1218?
19
Calculate the remainder when 23123 is divided by 121.
12
Calculate the remainder when 23398 is divided by 96.
70
What is the remainder when 2257 is divided by 726?
79
What is the remainder when 835740 is divided by 416?
412
Calculate the remainder when 6164 is divided by 3078.
8
Calculate the remainder when 158716 is divided by 902.
866
What is the remainder when 15998 is divided by 2284?
10
Calculate the remainder when 75015 is divided by 199.
191
Calculate the remainder when 350696 is divided by 175344.
8
What is the remainder when 19325 is divided by 4823?
33
What is the remainder when 23172 is divided by 60?
12
What is the remainder when 1404 is divided by 31?
9
What is the remainder when 1332231 is divided by 581?
579
Calculate the remainder when 10284 is divided by 5137.
10
What is the remainder when 17353 is divided by 414?
379
What is the remainder when 9718 is divided by 243?
241
What is the remainder when 13275 is divided by 2210?
15
Calculate the remainder when 9934 is divided by 845.
639
What is the remainder when 3418 is divided by 30?
28
What is the remainder when 37442 is divided by 297?
20
What is the remainder when 118769 is divided by 71?
57
What is the remainder when 704 is divided by 428?
276
Calculate the remainder when 359685 is divided by 215.
205
What is the remainder when 2140 i